0 and u.
26
Suppose 5*q = 383 - 93. Suppose 1 = -3*m + q. Calculate the highest common divisor of 171 and m.
19
Let n be (64/10)/((-5)/25). Let o be 2 - n - (3 - 1). Calculate the greatest common factor of o and 4.
4
Suppose 0*l + 3*l - 30 = 0. Suppose 3 = -d - 67. Let h = d + 140. What is the greatest common factor of l and h?
10
Let t be (11 - 3) + 0 + -1. Suppose -3*w - 10 - 28 = -j, -2*w - 177 = -5*j. Calculate the greatest common factor of t and j.
7
Suppose 6*k = 3*k + 288. Calculate the highest common factor of 32 and k.
32
Suppose 26 = 5*s - 34. Let w = 36 + -24. What is the highest common divisor of w and s?
12
Suppose 0 = -17*a + 12*a + 815. Suppose -a = 2*l - 5*l + p, -p = l - 57. Calculate the greatest common divisor of 22 and l.
11
Let m(w) = w**2 + 0*w**2 - w**3 + 6*w - 4*w + 1. Let k be m(2). What is the highest common divisor of k and 1?
1
Let f = -42 - -52. Calculate the highest common factor of 20 and f.
10
Let r(v) = 28*v + 5. Let x be r(1). Let k(a) = a. Let i be k(-1). Let n be 2 - (1 + 2*i). What is the greatest common divisor of x and n?
3
Let c be (-16)/(-6) - (-4)/(-6). Let u be (-9)/2 + (-1)/c. Let m be (-86)/(-10) + (-2)/u. Calculate the greatest common factor of m and 6.
3
Let q be 5*(-1 - (-32)/5). Calculate the greatest common divisor of q and 216.
27
Let i = -11 + 12. Calculate the highest common divisor of 1 and i.
1
Let n(o) = o**3 - 8*o**2 + 8*o - 1. Let m be n(8). What is the greatest common divisor of m and 504?
63
Suppose 0 = -4*o - 3 + 67. Calculate the highest common divisor of 64 and o.
16
Let q = 117 + -62. Let y(v) = v**2 - 4*v + 1. Let r be y(7). Calculate the greatest common divisor of q and r.
11
Let w(z) = 252*z**3 + z**2 - z. Let t be w(1). What is the greatest common factor of 28 and t?
28
Let y(x) = -x**2 - 14*x - 5. Let g be y(-12). Suppose -98 = -4*b + 130. Calculate the greatest common factor of g and b.
19
Let y(c) = 2*c**2 + 3*c + 3. Let k be y(-2). Suppose k = 2*n - 1. What is the highest common factor of n and 24?
3
Let d be 0 + -3 + 4 + 33. Suppose 3*s - d = s. Let l = 164 + -28. What is the highest common divisor of l and s?
17
Suppose 0 = 5*k - q - 1105, -840 = -4*k + 2*q + 50. Calculate the highest common divisor of k and 20.
20
Suppose -2*p = -194 + 44. What is the greatest common divisor of 15 and p?
15
Let c = -34 + 68. Let t = 154 - c. What is the highest common divisor of 15 and t?
15
Let b(q) = q + 11. Let r be b(-9). Suppose 0 = 2*c + r - 0. Let g be 30 + c - (1 + 2). What is the greatest common factor of 13 and g?
13
Let z = 72 - 55. What is the greatest common factor of 17 and z?
17
Suppose -5 = -7*q + 30. What is the highest common divisor of q and 45?
5
Suppose 2*h - 185 - 25 = 0. Let s(l) = 4*l**2 - 7*l + 6. Let i be s(4). Calculate the greatest common factor of i and h.
21
Let a(y) = 9*y - 13. Let l = 5 + 5. Let k be a(l). Calculate the greatest common factor of k and 11.
11
Let p = -2 + 7. Suppose 5*g = -2*j - 0*g + 3, 3*g = -p*j + 36. Suppose 0*v + 5*v = -5*l + 325, 242 = 4*v - 5*l. Calculate the greatest common factor of v and j.
9
Let n = 193 - 41. What is the greatest common factor of n and 19?
19
Suppose 4*v + 23 + 61 = -3*o, 3*o + 3*v = -84. Let s = -11 - o. What is the highest common divisor of s and 85?
17
Let w = 43 - 34. What is the greatest common factor of 99 and w?
9
Let d = -6 - -12. What is the greatest common factor of 6 and d?
6
Let d = -82 - -194. Calculate the highest common factor of d and 16.
16
Suppose -4*t - 5*o + 199 = -0*t, -o = 4*t - 219. Calculate the greatest common divisor of 7 and t.
7
Suppose m + c = 4*m - 284, 12 = 3*c. Calculate the highest common factor of m and 24.
24
Let k(f) = -34*f. Let c be k(-6). Let m = -105 + c. Suppose 2*y - 9 - 9 = 0. What is the highest common factor of m and y?
9
Let h(v) = -v**2 + 5*v - 3. Let a be h(3). Suppose 4*m - a*o - 6 = 26, 0 = 2*o. What is the greatest common factor of 40 and m?
8
Suppose -3*g = -b + 54, -b - 3*b + 168 = 4*g. What is the greatest common factor of 15 and b?
15
Let d(k) = -k**3 + 1. Let f be d(1). Suppose f = -2*q + 4*q - 8. Calculate the highest common divisor of 12 and q.
4
Suppose 3*s - 262 - 26 = 0. Let n(m) be the first derivative of -m**3/3 + m**2/2 + 12*m - 1. Let q be n(0). What is the greatest common factor of s and q?
12
Let s = -5 - 10. Let v be (107/3)/((-5)/s). Let t = -47 + v. Calculate the highest common factor of 24 and t.
12
Suppose 3*p = -0*p + 612. What is the highest common factor of p and 12?
12
Let m = -13 + 18. Suppose 5*s - t - 25 = 0, -m*s = -4*t + t - 35. Let j(x) = x**2 - 14*x + 17. Let w be j(13). Calculate the greatest common divisor of s and w.
4
Suppose 6*r = r + 25. Suppose -r*i - 5*q = -80, 101 - 6 = 5*i + 2*q. What is the highest common factor of i and 84?
21
Suppose 3*b - l = l + 55, -2*b + 5*l = -55. Let i be 417/b - (-4)/20. Calculate the highest common factor of i and 4.
4
Let w = -129 + 281. Suppose 3*p = 7*p - w. What is the highest common divisor of p and 57?
19
Let k(w) = -w**2 + 40. Let v be k(0). Suppose 0 = 5*f - 5*j - 45, -5*j - 3 = -3*f + 34. Let m be f/6*(-15)/(-2). What is the greatest common divisor of v and m?
5
Suppose -4*o + 4*l = -84 + 20, l - 68 = -3*o. Let z(j) = j**2 + 7*j - 10. Let p be z(-8). Let c = p - -5. What is the highest common divisor of o and c?
3
Let c(w) = -4*w - 2 + 4 + 5*w**2 + 0*w. Let d be c(4). Let q(g) = -g**2 + 7*g. Let h be q(6). Calculate the greatest common factor of d and h.
6
Suppose 0 = -2*w + 13 - 5. Suppose 0 = 5*l - 5*z - 50, 2*l = w*l - 5*z - 26. Let s be (2 + 2 - 10)*-4. Calculate the highest common divisor of s and l.
8
Let a(k) = k + 6. Let y be -2 + 15 + 0 - 1. Suppose 4*h + y = -5*g, h - 2*h = -2. Let f be a(g). What is the greatest common factor of 16 and f?
2
Suppose -2*p - 24 = -v - 3*p, -v = 3*p - 20. Calculate the highest common factor of v and 65.
13
Suppose 4*k - 3*i = 2*i - 12, -2 = 5*k - 3*i. Suppose 0 = -2*f - k*f + 68. What is the greatest common divisor of f and 17?
17
Let j be (-38)/(-6) + 5/(-15). Calculate the greatest common divisor of j and 42.
6
Let n(h) = h**3 + 8*h**2 - 6*h - 3. Let z(y) = -y - 7. Let l be z(0). Let a be n(l). Let k = a - 44. What is the highest common factor of k and 4?
4
Suppose -m + 2*m = -5. Let k(i) = i**3 + 6*i**2 + 2*i - 6. Let u be k(m). What is the greatest common divisor of u and 27?
9
Let q be -2 + 0/4 + 9 - 1. Calculate the highest common divisor of q and 12.
6
Let p = 95 + 10. What is the greatest common factor of p and 21?
21
Let d(g) = -g**3 - 4*g**2 + 7*g. Let b be d(-6). Let y be (-2)/(8/(-6)) + (-391)/(-46). What is the highest common divisor of b and y?
10
Let p = 9 + -1. What is the highest common factor of 32 and p?
8
Suppose -5*c + 37 = -18. Suppose -2*n - 32 = u - 135, u - 109 = -5*n. Calculate the highest common factor of c and u.
11
Suppose -5*r + 5 + 5 = 0, -3*y - 2*r + 1159 = 0. Suppose 175 = 5*a - y. Calculate the highest common divisor of 14 and a.
14
Let s(f) = 3*f + 1. Let b be s(-1). Let o be b + 1 - (-4 - -2). Let p = -24 + 34. What is the greatest common divisor of o and p?
1
Let p(v) = 5*v. Let r(o) = -11*o. Let c(t) = 5*p(t) + 3*r(t). Let l be c(-2). Let k = -106 + 234. Calculate the greatest common factor of k and l.
16
Let l = -8 - -13. Suppose 0 = -4*n - 8, 4*g + 0*g + 2*n = 112. Suppose g = j - 6. Calculate the greatest common factor of l and j.
5
Let r = 16 + -3. Let g = -7 + r. Suppose 13 + 25 = u - 2*o, 0 = -2*u + 5*o + 71. What is the greatest common factor of u and g?
6
Let r(z) = 5*z - 2. Let x be r(-2). Let k be (-4)/x - 119/(-3). What is the highest common divisor of 8 and k?
8
Suppose 2*v + 17 = s, -7*s + 3*s + 43 = -3*v. Let h = s + -6. What is the highest common divisor of 2 and h?
1
Let r(m) = 6*m**2 - 5*m - 16. Let i be r(7). What is the greatest common divisor of i and 27?
27
Suppose -4*p - 16 = -8*p. Suppose c + 2*z = z + 3, -3*c = 2*z - 11. Let k = c - 3. Calculate the highest common factor of p and k.
2
Suppose 182 = 5*r - 5*a + 3*a, 2*r - 73 = a. Let p = 16 + -7. Calculate the greatest common factor of p and r.
9
Let z be 241/2 + (-3)/6. Calculate the highest common divisor of 40 and z.
40
Suppose 9 + 13 = s + 4*u, 4*s - 48 = 4*u. Calculate the greatest common factor of 70 and s.
14
Let l(k) = k 